he highest common divisor of n and z?
12
Let z = -29 + 24. Let p(a) = -a**3 - 6*a**2 - 4*a - 10. Let k be p(z). Let y be (k/2)/(5/(-10)). Calculate the highest common factor of 25 and y.
5
Let r be ((-40616)/1)/(-8) - (1 + 0). Calculate the greatest common factor of 108 and r.
108
Suppose -7*y = -31*y + 384. Let f = 460 - 236. Let i be ((-6)/4)/((-3)/f). Calculate the greatest common divisor of i and y.
16
Let t = 2108 + -2075. What is the highest common divisor of t and 13101?
33
Let t be (-102)/(-18) - (-2)/(-3). Suppose -t*i = -10*i + 11200. Suppose r = 11*r - i. What is the highest common divisor of 14 and r?
14
Let c = 1523872 - 1523760. Suppose -5*s + 3*m = -0*m - 388, -s = -5*m - 60. What is the greatest common divisor of s and c?
16
Suppose 5*b + 5*k - 2635 = 7*k, -k = 4*b - 2095. Let x be (18/(-10))/((-5)/b). Calculate the greatest common divisor of x and 54.
27
Let m(d) = -18*d - 56. Let a be m(-3). Let x be (-318)/(-1 - (-1 - a)). What is the greatest common divisor of x and 53?
53
Suppose 0 = -3*t - 2*t + 2*z + 21, -3*t + 3*z = -9. Let k(b) = 125*b**2 + 4*b - 4. Let a be k(1). What is the greatest common factor of t and a?
5
Suppose -3*j - 2*j = -100. Suppose -3*w + j = -2*w. Suppose -41*q - 34 = -362. What is the highest common divisor of w and q?
4
Let b(p) = 1 - 4 + 6*p + 2*p + 5*p. Let g = -57 - -58. Let v be b(g). Calculate the greatest common factor of v and 100.
10
Let v be 17270 + 1/(-2)*(-17 - -27). Suppose 18*m - 1599 = v. What is the greatest common factor of m and 8?
8
Suppose -75*y + 48*y + 783 = 0. Calculate the highest common divisor of y and 20532.
29
Let f = -27290 + 43415. Calculate the highest common divisor of f and 129.
129
Suppose 1559*m - 1219 = 1536*m. What is the greatest common divisor of m and 9169?
53
Let a = 22 - -8. Suppose -3*k = -2*x + 28, 3*x - a + 7 = -5*k. Let t = 105 - 72. Calculate the highest common factor of t and x.
11
Let x = -493577 - -493581. Let s be 2/11 - (-1362)/11. What is the highest common divisor of s and x?
4
Let i = -40144 + 48915. Calculate the highest common factor of i and 42.
7
Let d(k) = -231*k - 812. Let f be d(-4). What is the greatest common divisor of f and 168?
56
Suppose 0*o = -3*o + 495. Let q be -7 - (-5 + -111 + -3) - 2. Calculate the greatest common factor of o and q.
55
Suppose 9*q + 15*q = 30*q - 1176. What is the greatest common divisor of q and 84?
28
Let b(v) = 7*v - 104. Let w(z) = -14*z + 210. Let j(x) = -5*b(x) - 3*w(x). Let o be j(17). What is the greatest common factor of o and 48?
3
Let c = 41 - 36. Let b(m) = -m**3 + 8*m**2 + 9*m - 11. Let x be b(c). Suppose 2*j - x = -5*y + 2, 2 = -j. What is the greatest common divisor of y and 161?
23
Suppose 0 = 101*d - 99*d - 48. Let u(k) = -k**3 + 25*k**2 + 22*k + 16. Let v be u(d). What is the highest common factor of v and 35?
35
Let v = 4834 + -4708. Calculate the greatest common factor of 198 and v.
18
Let u(x) be the third derivative of x**6/120 - x**5/15 - 7*x**4/24 + 20*x**3/3 - 17*x**2 - 3*x. Let z be u(8). Calculate the greatest common factor of z and 12.
12
Let m be 0*-3*1/(-3). Suppose m*c = -2*c + 320. Let i be (100/45)/(6/54). Calculate the highest common factor of i and c.
20
Suppose 129*q - 134*q = -7130. Calculate the highest common factor of q and 46.
46
Suppose 2*x = 3*b - 753, 4*b + 385 = 5*x + 2271. Let y = x + 391. Calculate the highest common divisor of 52 and y.
13
Suppose 1231*t + 13860 = 1259*t. What is the greatest common factor of t and 3645?
45
Let c be (-11 + -25)/(-540) + 4409/15. Calculate the highest common factor of c and 6566.
98
Let j(b) = 27 - 9 - 3 - 12*b. Let i be j(-16). Let l be (-2 - 0)/(20/(-90)). What is the highest common divisor of i and l?
9
Let y = 81 + -76. Let o be y*(-7 + -11)/(-6). Calculate the greatest common factor of o and 390.
15
Suppose -10*h + 2335 = 1095. Suppose 0 = 4*t - 6 - 10. Calculate the highest common factor of t and h.
4
Let o(v) = 31*v**2 + 1286*v - 186. Let c be o(-42). Calculate the highest common divisor of c and 2322.
54
Let q(x) = -2*x**3 - 27*x**2 - 12*x + 15. Let y be q(-13). Let n be (159/2)/((-234)/(-156)). What is the highest common factor of y and n?
1
Let n be 1/6 + (-9557)/(-114) + 0/(-2). What is the highest common factor of n and 3171?
21
Suppose 3*k + 193 = 4*j, -5*j - 2*k + 215 = 3*k. Let i = 8 - -84. What is the greatest common divisor of i and j?
46
Suppose 17*c - 1656 = 9*c. Suppose 0 = 7*n - 10*n + c. What is the highest common factor of n and 3?
3
Let y(a) = -a**3 + 2*a**2 + 2*a + 103. Let q be y(0). Suppose -227 - q = -5*w. What is the greatest common factor of 88 and w?
22
Let x = 8394 + -4205. Calculate the highest common divisor of x and 236.
59
Suppose 8*c = 13*c - 10, 3*c = -2*d + 280. Suppose -2*n = -4*n + 5*u + 71, 5*u + d = 4*n. Calculate the highest common factor of 132 and n.
33
Let r(z) = -10*z**3 - 2*z**2 + 6*z + 7. Let b be r(-1). Let a be ((-1876)/12)/((-3)/b). Calculate the highest common divisor of 7 and a.
7
Let z(d) = -51*d**2 - 1. Let o be z(1). Let y = o + 25. Let v = y - -29. Calculate the highest common divisor of v and 2.
2
Let z(t) = t**3 - 12*t**2 + 68*t - 19. Let n be z(18). Calculate the greatest common factor of n and 134.
67
Let d be (-2)/(-10) - (-30 + 21632/(-65)). Calculate the highest common divisor of d and 99.
33
Suppose -121*x + 37*x + 665 + 343 = 0. Let m = 31 + 71. Calculate the greatest common factor of x and m.
6
Let b(v) be the third derivative of v**6/40 - v**5/4 - 29*v**4/24 + 13*v**3/6 - 100*v**2. Let t be b(8). Calculate the highest common divisor of 21 and t.
21
Suppose 4*m - 2*m - 190 = 0. Let f(u) = u**2 + 32*u + 66. Let j be f(-30). Let x be 13 + (6 - -6 - j). What is the highest common factor of m and x?
19
Let i be -40*(-7 + 5) - -6. Suppose 2*c + 70 = 3*a, -3*a - 3*c - 11 = -i. Calculate the greatest common divisor of a and 24.
24
Let f(z) = 7*z**2 + 10*z + 4. Let g be f(-4). Calculate the highest common divisor of 2185 and g.
19
Suppose 5*s = 5*d - 5, s - 3*d = -9 + 4. Let m = 142 + -129. What is the greatest common factor of s and m?
1
Suppose -102*r + 11953 = 1537*r + 480. Let f(j) = j**2 + 1. Let h be f(-1). Let v be 7/(h/(14/1)). What is the greatest common factor of v and r?
7
Let i = 37 + -32. Suppose -i*q + 5*c = -2155, -4*q - 437 = -5*q - c. Calculate the greatest common divisor of 14 and q.
14
Suppose -2*a + y = a - 409, 3*y = -5*a + 677. Let r = a - 68. Suppose 0 = 2*x - 0*x - r. Calculate the greatest common factor of 102 and x.
34
Suppose -3405 = -j + 4*u, -15*j + 12*j = -5*u - 10194. Suppose 30*h = h + j. Calculate the highest common divisor of 39 and h.
39
Suppose -2*d + 74 = l, d - 346 = -4*l + 3*d. Let i = -8 + 8. Let b(r) = r + 42. Let c be b(i). Calculate the greatest common factor of c and l.
42
Suppose 0 = 16*p - 7*p - 3780. Let k = 101 + -86. Calculate the greatest common factor of k and p.
15
Let f(h) = -h**3 - 9*h**2 - 9*h. Let b be f(-8). Let n = 11743 + -11719. Calculate the highest common factor of b and n.
8
Let i = 64 + -59. Suppose -255 = -3*k - q + 4*q, 2*q - 390 = -i*k. Calculate the greatest common factor of k and 15.
5
Let r = 17 - 9. Suppose 7*p = p + 210. Suppose 4*u + p = -3*l + 127, -2*l = -4*u - 28. Calculate the greatest common divisor of l and r.
8
Suppose -81 = 16*j - 19*j. Let a = 32 - j. Let x be (12/(-10))/((-32)/1200). Calculate the highest common divisor of a and x.
5
Let o = 3475 - 3135. What is the greatest common factor of 255 and o?
85
Let k be 308/60 - 2/15. Suppose -3*g = 3*b + 3, -k*g - 18 - 3 = b. Calculate the highest common divisor of b and 2.
2
Let t = 287 - 285. Suppose s + n - 39 = 0, -160 = 3*s - 7*s - t*n. Calculate the greatest common factor of 123 and s.
41
Let u be ((-14)/6)/((-2)/96). Suppose -4*f - n + 1139 = 0, 2*n = 42*f - 38*f - 1082. What is the highest common divisor of f and u?
56
Suppose -4*a + 2*x + 14626 = 0, 2*a + x - 7298 = -x. Suppose -14*y = -0*y - a. What is the highest common factor of y and 9?
9
Suppose 2*w - 8 = 5*g + 73, -w + 48 = -5*g. Suppose -128 = 12*x - 464. Suppose -8*p - x + 204 = 0. Calculate the greatest common divisor of w and p.
11
Let l = 2609 + 8020. Calculate the highest common factor of l and 9.
9
Let x be 713 + (-90)/(-9) - (-1 + 1). Suppose -17*l = -x - 773. Calculate